{"id":584,"date":"2016-03-08T21:27:58","date_gmt":"2016-03-08T21:27:58","guid":{"rendered":"https:\/\/default.houzez.co\/?page_id=584"},"modified":"2016-03-08T21:27:58","modified_gmt":"2016-03-08T21:27:58","slug":"property-by-ids","status":"publish","type":"page","link":"https:\/\/crasilvanajuncos.com\/index.php\/property-by-ids\/","title":{"rendered":"Property by IDs"},"content":{"rendered":"\t\t<div data-elementor-type=\"wp-post\" data-elementor-id=\"584\" class=\"elementor elementor-584 elementor-bc-flex-widget\">\n\t\t\t\t\t\t\t\t\t<section class=\"elementor-section elementor-top-section elementor-element elementor-element-101a1ffc elementor-section-boxed elementor-section-height-default elementor-section-height-default\" data-id=\"101a1ffc\" data-element_type=\"section\">\n\t\t\t\t\t\t<div class=\"elementor-container elementor-column-gap-default\">\n\t\t\t\t\t<div class=\"elementor-column elementor-col-100 elementor-top-column elementor-element elementor-element-2cde8594\" data-id=\"2cde8594\" data-element_type=\"column\">\n\t\t\t<div class=\"elementor-widget-wrap elementor-element-populated\">\n\t\t\t\t\t\t\t\t<div class=\"elementor-element elementor-element-719d2bc1 elementor-widget elementor-widget-houzez_elementor_space\" data-id=\"719d2bc1\" data-element_type=\"widget\" data-widget_type=\"houzez_elementor_space.default\">\n\t\t\t\t<div class=\"elementor-widget-container\">\n\t\t\t        <div class=\"houzez-spacer\">\n            <div class=\"houzez-spacer-inner\"><\/div>\n        <\/div>\n        \t\t<\/div>\n\t\t\t\t<\/div>\n\t\t\t\t<div class=\"elementor-element elementor-element-5f687bb3 elementor-widget elementor-widget-heading\" data-id=\"5f687bb3\" data-element_type=\"widget\" data-widget_type=\"heading.default\">\n\t\t\t\t<div class=\"elementor-widget-container\">\n\t\t\t<style>\/*! elementor - v3.6.8 - 27-07-2022 *\/\n.elementor-heading-title{padding:0;margin:0;line-height:1}.elementor-widget-heading .elementor-heading-title[class*=elementor-size-]>a{color:inherit;font-size:inherit;line-height:inherit}.elementor-widget-heading .elementor-heading-title.elementor-size-small{font-size:15px}.elementor-widget-heading .elementor-heading-title.elementor-size-medium{font-size:19px}.elementor-widget-heading .elementor-heading-title.elementor-size-large{font-size:29px}.elementor-widget-heading .elementor-heading-title.elementor-size-xl{font-size:39px}.elementor-widget-heading .elementor-heading-title.elementor-size-xxl{font-size:59px}<\/style><h1 class=\"elementor-heading-title elementor-size-large\">Property by IDs<\/h1>\t\t<\/div>\n\t\t\t\t<\/div>\n\t\t\t\t<div class=\"elementor-element elementor-element-773f6145 elementor-widget-divider--view-line elementor-widget elementor-widget-divider\" data-id=\"773f6145\" data-element_type=\"widget\" data-widget_type=\"divider.default\">\n\t\t\t\t<div class=\"elementor-widget-container\">\n\t\t\t<style>\/*! elementor - v3.6.8 - 27-07-2022 *\/\n.elementor-widget-divider{--divider-border-style:none;--divider-border-width:1px;--divider-color:#2c2c2c;--divider-icon-size:20px;--divider-element-spacing:10px;--divider-pattern-height:24px;--divider-pattern-size:20px;--divider-pattern-url:none;--divider-pattern-repeat:repeat-x}.elementor-widget-divider .elementor-divider{display:-webkit-box;display:-ms-flexbox;display:flex}.elementor-widget-divider .elementor-divider__text{font-size:15px;line-height:1;max-width:95%}.elementor-widget-divider .elementor-divider__element{margin:0 var(--divider-element-spacing);-ms-flex-negative:0;flex-shrink:0}.elementor-widget-divider .elementor-icon{font-size:var(--divider-icon-size)}.elementor-widget-divider .elementor-divider-separator{display:-webkit-box;display:-ms-flexbox;display:flex;margin:0;direction:ltr}.elementor-widget-divider--view-line_icon .elementor-divider-separator,.elementor-widget-divider--view-line_text .elementor-divider-separator{-webkit-box-align:center;-ms-flex-align:center;align-items:center}.elementor-widget-divider--view-line_icon .elementor-divider-separator:after,.elementor-widget-divider--view-line_icon .elementor-divider-separator:before,.elementor-widget-divider--view-line_text .elementor-divider-separator:after,.elementor-widget-divider--view-line_text .elementor-divider-separator:before{display:block;content:\"\";border-bottom:0;-webkit-box-flex:1;-ms-flex-positive:1;flex-grow:1;border-top:var(--divider-border-width) var(--divider-border-style) var(--divider-color)}.elementor-widget-divider--element-align-left .elementor-divider .elementor-divider-separator>.elementor-divider__svg:first-of-type{-webkit-box-flex:0;-ms-flex-positive:0;flex-grow:0;-ms-flex-negative:100;flex-shrink:100}.elementor-widget-divider--element-align-left .elementor-divider-separator:before{content:none}.elementor-widget-divider--element-align-left .elementor-divider__element{margin-left:0}.elementor-widget-divider--element-align-right .elementor-divider .elementor-divider-separator>.elementor-divider__svg:last-of-type{-webkit-box-flex:0;-ms-flex-positive:0;flex-grow:0;-ms-flex-negative:100;flex-shrink:100}.elementor-widget-divider--element-align-right .elementor-divider-separator:after{content:none}.elementor-widget-divider--element-align-right .elementor-divider__element{margin-right:0}.elementor-widget-divider:not(.elementor-widget-divider--view-line_text):not(.elementor-widget-divider--view-line_icon) .elementor-divider-separator{border-top:var(--divider-border-width) var(--divider-border-style) var(--divider-color)}.elementor-widget-divider--separator-type-pattern{--divider-border-style:none}.elementor-widget-divider--separator-type-pattern.elementor-widget-divider--view-line .elementor-divider-separator,.elementor-widget-divider--separator-type-pattern:not(.elementor-widget-divider--view-line) .elementor-divider-separator:after,.elementor-widget-divider--separator-type-pattern:not(.elementor-widget-divider--view-line) .elementor-divider-separator:before,.elementor-widget-divider--separator-type-pattern:not([class*=elementor-widget-divider--view]) .elementor-divider-separator{width:100%;min-height:var(--divider-pattern-height);-webkit-mask-size:var(--divider-pattern-size) 100%;mask-size:var(--divider-pattern-size) 100%;-webkit-mask-repeat:var(--divider-pattern-repeat);mask-repeat:var(--divider-pattern-repeat);background-color:var(--divider-color);-webkit-mask-image:var(--divider-pattern-url);mask-image:var(--divider-pattern-url)}.elementor-widget-divider--no-spacing{--divider-pattern-size:auto}.elementor-widget-divider--bg-round{--divider-pattern-repeat:round}.rtl .elementor-widget-divider .elementor-divider__text{direction:rtl}.e-container>.elementor-widget-divider{width:var(--container-widget-width,100%);-webkit-box-flex:1;-ms-flex-positive:1;flex-grow:1}<\/style>\t\t<div class=\"elementor-divider\">\n\t\t\t<span class=\"elementor-divider-separator\">\n\t\t\t\t\t\t<\/span>\n\t\t<\/div>\n\t\t\t\t<\/div>\n\t\t\t\t<\/div>\n\t\t\t\t\t<\/div>\n\t\t<\/div>\n\t\t\t\t\t\t\t<\/div>\n\t\t<\/section>\n\t\t\t\t<section class=\"elementor-section elementor-top-section elementor-element elementor-element-72c4971d elementor-section-boxed elementor-section-height-default elementor-section-height-default\" data-id=\"72c4971d\" data-element_type=\"section\">\n\t\t\t\t\t\t<div class=\"elementor-container elementor-column-gap-default\">\n\t\t\t\t\t<div class=\"elementor-column elementor-col-100 elementor-top-column elementor-element elementor-element-32f91223\" data-id=\"32f91223\" data-element_type=\"column\">\n\t\t\t<div class=\"elementor-widget-wrap elementor-element-populated\">\n\t\t\t\t\t\t\t\t<div class=\"elementor-element elementor-element-e26e5fe elementor-widget elementor-widget-houzez_elementor_property_by_ids\" data-id=\"e26e5fe\" data-element_type=\"widget\" data-widget_type=\"houzez_elementor_property_by_ids.default\">\n\t\t\t\t<div class=\"elementor-widget-container\">\n\t\t\t\n        <div class=\"property-by-ids-module property-by-ids-module-3-cols property-by-ids-module-1\">\n            <div class=\"listing-view grid-view grid-view-3-cols card-deck\">\n                <div class=\"item-listing-wrap hz-item-gallery-js card\" data-hz-id=\"hz-127\" data-images=\"[&quot;https:\\\/\\\/crasilvanajuncos.com\\\/wp-content\\\/uploads\\\/2022\\\/07\\\/Casa-Barrio-El-Prado-592x444.jpg&quot;,&quot;https:\\\/\\\/crasilvanajuncos.com\\\/wp-content\\\/uploads\\\/2022\\\/07\\\/Casa-Barrio-El-Prado-592x444.jpg&quot;]\">\n\t<div class=\"item-wrap item-wrap-v1 item-wrap-no-frame h-100\">\n\t\t<div class=\"d-flex align-items-center h-100\">\n\t\t\t<div class=\"item-header\">\n\t\t\t\t<span class=\"label-featured label\">Destacados<\/span>\t\t\t\t<div class=\"labels-wrap labels-right\"> \n\n\t<a href=\"https:\/\/crasilvanajuncos.com\/index.php\/status\/venta\/\" class=\"label-status label status-color-92\">\n\t\t\t\t\tEn Venta\n\t\t\t\t<\/a>       \n\n<\/div>\n\t\t\t\t<ul class=\"item-price-wrap hide-on-list\">\n\t<li class=\"item-price item-price-text\">Consultar<\/li><\/ul>\t\t\t\t<ul class=\"item-tools\">\n\n        <li class=\"item-tool item-preview\">\n        <span class=\"hz-show-lightbox-js\" data-listid=\"127\" data-toggle=\"tooltip\" data-placement=\"top\" title=\"Vista Previa\">\n                <i class=\"houzez-icon icon-expand-3\"><\/i>   \n        <\/span><!-- item-tool-favorite -->\n    <\/li><!-- item-tool -->\n        \n        <li class=\"item-tool item-favorite\">\n        <span class=\"add-favorite-js item-tool-favorite\" data-toggle=\"tooltip\" data-placement=\"top\" title=\"Favorito\" data-listid=\"127\">\n            <i class=\"houzez-icon icon-love-it \"><\/i> \n        <\/span><!-- item-tool-favorite -->\n    <\/li><!-- item-tool -->\n    \n        <li class=\"item-tool item-compare\">\n        <span class=\"houzez_compare compare-127 item-tool-compare show-compare-panel\" data-toggle=\"tooltip\" data-placement=\"top\" title=\"Comparar\" data-listing_id=\"127\" data-listing_image=\"https:\/\/crasilvanajuncos.com\/wp-content\/uploads\/2022\/07\/Casa-Barrio-El-Prado-592x444.jpg\">\n            <i class=\"houzez-icon icon-add-circle\"><\/i>\n        <\/span><!-- item-tool-compare -->\n    <\/li><!-- item-tool -->\n    <\/ul><!-- item-tools -->\n\t\t\t\t<div class=\"listing-image-wrap\">\n\t<div class=\"listing-thumb\">\n\t\t<a href=\"https:\/\/crasilvanajuncos.com\/index.php\/property\/los-olmos-1328-2\/\" class=\"listing-featured-thumb hover-effect\">\n\t\t\t<img width=\"592\" height=\"444\" src=\"https:\/\/crasilvanajuncos.com\/wp-content\/uploads\/2022\/07\/Casa-Barrio-El-Prado-592x444.jpg\" class=\"img-fluid wp-post-image\" alt=\"\" loading=\"lazy\" srcset=\"https:\/\/crasilvanajuncos.com\/wp-content\/uploads\/2022\/07\/Casa-Barrio-El-Prado-592x444.jpg 592w, https:\/\/crasilvanajuncos.com\/wp-content\/uploads\/2022\/07\/Casa-Barrio-El-Prado-300x225.jpg 300w, https:\/\/crasilvanajuncos.com\/wp-content\/uploads\/2022\/07\/Casa-Barrio-El-Prado-1024x767.jpg 1024w, https:\/\/crasilvanajuncos.com\/wp-content\/uploads\/2022\/07\/Casa-Barrio-El-Prado-768x576.jpg 768w, https:\/\/crasilvanajuncos.com\/wp-content\/uploads\/2022\/07\/Casa-Barrio-El-Prado-1536x1151.jpg 1536w, https:\/\/crasilvanajuncos.com\/wp-content\/uploads\/2022\/07\/Casa-Barrio-El-Prado-2048x1535.jpg 2048w, https:\/\/crasilvanajuncos.com\/wp-content\/uploads\/2022\/07\/Casa-Barrio-El-Prado-584x438.jpg 584w, https:\/\/crasilvanajuncos.com\/wp-content\/uploads\/2022\/07\/Casa-Barrio-El-Prado-801x600.jpg 801w, https:\/\/crasilvanajuncos.com\/wp-content\/uploads\/2022\/07\/Casa-Barrio-El-Prado-120x90.jpg 120w, https:\/\/crasilvanajuncos.com\/wp-content\/uploads\/2022\/07\/Casa-Barrio-El-Prado-496x372.jpg 496w\" sizes=\"(max-width: 592px) 100vw, 592px\" \/>\t\t<\/a><!-- hover-effect -->\n\t<\/div>\n<\/div>\n\t\t\t\t<div class=\"preview_loader\"><\/div>\n\t\t\t<\/div><!-- item-header -->\t\n\t\t\t<div class=\"item-body flex-grow-1\">\n\t\t\t\t<div class=\"labels-wrap labels-right\"> \n\n\t<a href=\"https:\/\/crasilvanajuncos.com\/index.php\/status\/venta\/\" class=\"label-status label status-color-92\">\n\t\t\t\t\tEn Venta\n\t\t\t\t<\/a>       \n\n<\/div>\n\t\t\t\t<h2 class=\"item-title\">\n\t<a href=\"https:\/\/crasilvanajuncos.com\/index.php\/property\/los-olmos-1328-2\/\">Los Olmos 1328<\/a>\n<\/h2><!-- item-title -->\t\t\t\t<ul class=\"item-price-wrap hide-on-list\">\n\t<li class=\"item-price item-price-text\">Consultar<\/li><\/ul>\t\t\t\t<address class=\"item-address\">1328, Los Olmos, El Prado, San Francisco, Municipio de San Francisco, Pedan\u00eda Ju\u00e1rez Celman, Departamento San Justo, C\u00f3rdoba, X2400, Argentina<\/address>\t\t\t\t<ul class=\"item-amenities item-amenities-with-icons\">\n\t<li class=\"h-beds\"><i class=\"houzez-icon icon-hotel-double-bed-1 mr-1\"><\/i><span class=\"item-amenities-text\">Camas:<\/span> <span class=\"hz-figure\">2<\/span><\/li><li class=\"h-baths\"><i class=\"houzez-icon icon-bathroom-shower-1 mr-1\"><\/i><span class=\"item-amenities-text\">Ba\u00f1era:<\/span> <span class=\"hz-figure\">1<\/span><\/li><li class=\"h-area\"><i class=\"houzez-icon icon-ruler-triangle mr-1\"><\/i><span class=\"hz-figure\">300<\/span> <span class=\"area_postfix\">mts2<\/span><\/li><li class=\"h-type\"><span>Casas<\/span><\/li><\/ul>\t\t\t\t<a class=\"btn btn-primary btn-item \" href=\"https:\/\/crasilvanajuncos.com\/index.php\/property\/los-olmos-1328-2\/\">\n\tDetalles<\/a><!-- btn-item -->\n\t\t\t\t<div class=\"item-author\">\n\t<i class=\"houzez-icon icon-single-neutral mr-1\"><\/i>\n\t<a href=\"https:\/\/crasilvanajuncos.com\/index.php\/author\/victoriacortez\/\">Victoria Cortez<\/a> <\/div><!-- item-author -->\n\t\t\t\t<div class=\"item-date\">\n\t<i class=\"houzez-icon icon-attachment mr-1\"><\/i>\n\thace 6 a\u00f1os<\/div><!-- item-date -->\n\t\t\t<\/div><!-- item-body -->\n\n\t\t\t\t\t\t<div class=\"item-footer clearfix\">\n\t\t\t\t<div class=\"item-author\">\n\t<i class=\"houzez-icon icon-single-neutral mr-1\"><\/i>\n\t<a href=\"https:\/\/crasilvanajuncos.com\/index.php\/author\/victoriacortez\/\">Victoria Cortez<\/a> <\/div><!-- item-author -->\n\t\t\t\t<div class=\"item-date\">\n\t<i class=\"houzez-icon icon-attachment mr-1\"><\/i>\n\thace 6 a\u00f1os<\/div><!-- item-date -->\n\t\t\t<\/div>\n\t\t\t\t\t<\/div><!-- d-flex -->\n\t<\/div><!-- item-wrap -->\n<\/div><!-- item-listing-wrap --><div class=\"item-listing-wrap hz-item-gallery-js card\" data-hz-id=\"hz-341\" data-images=\"[&quot;https:\\\/\\\/crasilvanajuncos.com\\\/wp-content\\\/uploads\\\/2022\\\/07\\\/Dpto-Brezza-592x444.jpg&quot;,&quot;https:\\\/\\\/crasilvanajuncos.com\\\/wp-content\\\/uploads\\\/2022\\\/07\\\/Dpto-Brezza-592x444.jpg&quot;,&quot;https:\\\/\\\/crasilvanajuncos.com\\\/wp-content\\\/uploads\\\/2022\\\/09\\\/57612564_630711520689078_3026995432988344320_n-592x444.jpg&quot;,&quot;https:\\\/\\\/crasilvanajuncos.com\\\/wp-content\\\/uploads\\\/2022\\\/09\\\/58380363_630711354022428_8248413730518335488_n-592x444.jpg&quot;,&quot;https:\\\/\\\/crasilvanajuncos.com\\\/wp-content\\\/uploads\\\/2022\\\/09\\\/58775273_630711367355760_2084289470596644864_n-592x444.jpg&quot;]\">\n\t<div class=\"item-wrap item-wrap-v1 item-wrap-no-frame h-100\">\n\t\t<div class=\"d-flex align-items-center h-100\">\n\t\t\t<div class=\"item-header\">\n\t\t\t\t<span class=\"label-featured label\">Destacados<\/span>\t\t\t\t<div class=\"labels-wrap labels-right\"> \n\n\t<a href=\"https:\/\/crasilvanajuncos.com\/index.php\/status\/venta\/\" class=\"label-status label status-color-92\">\n\t\t\t\t\tEn Venta\n\t\t\t\t<\/a>       \n\n<\/div>\n\t\t\t\t<ul class=\"item-price-wrap hide-on-list\">\n\t<li class=\"item-price item-price-text\">Consultar<\/li><\/ul>\t\t\t\t<ul class=\"item-tools\">\n\n        <li class=\"item-tool item-preview\">\n        <span class=\"hz-show-lightbox-js\" data-listid=\"341\" data-toggle=\"tooltip\" data-placement=\"top\" title=\"Vista Previa\">\n                <i class=\"houzez-icon icon-expand-3\"><\/i>   \n        <\/span><!-- item-tool-favorite -->\n    <\/li><!-- item-tool -->\n        \n        <li class=\"item-tool item-favorite\">\n        <span class=\"add-favorite-js item-tool-favorite\" data-toggle=\"tooltip\" data-placement=\"top\" title=\"Favorito\" data-listid=\"341\">\n            <i class=\"houzez-icon icon-love-it \"><\/i> \n        <\/span><!-- item-tool-favorite -->\n    <\/li><!-- item-tool -->\n    \n        <li class=\"item-tool item-compare\">\n        <span class=\"houzez_compare compare-341 item-tool-compare show-compare-panel\" data-toggle=\"tooltip\" data-placement=\"top\" title=\"Comparar\" data-listing_id=\"341\" data-listing_image=\"https:\/\/crasilvanajuncos.com\/wp-content\/uploads\/2022\/07\/Dpto-Brezza-592x444.jpg\">\n            <i class=\"houzez-icon icon-add-circle\"><\/i>\n        <\/span><!-- item-tool-compare -->\n    <\/li><!-- item-tool -->\n    <\/ul><!-- item-tools -->\n\t\t\t\t<div class=\"listing-image-wrap\">\n\t<div class=\"listing-thumb\">\n\t\t<a href=\"https:\/\/crasilvanajuncos.com\/index.php\/property\/9-de-julio-2490\/\" class=\"listing-featured-thumb hover-effect\">\n\t\t\t<img width=\"592\" height=\"444\" src=\"https:\/\/crasilvanajuncos.com\/wp-content\/uploads\/2022\/07\/Dpto-Brezza-592x444.jpg\" class=\"img-fluid wp-post-image\" alt=\"\" loading=\"lazy\" srcset=\"https:\/\/crasilvanajuncos.com\/wp-content\/uploads\/2022\/07\/Dpto-Brezza-592x444.jpg 592w, https:\/\/crasilvanajuncos.com\/wp-content\/uploads\/2022\/07\/Dpto-Brezza-300x225.jpg 300w, https:\/\/crasilvanajuncos.com\/wp-content\/uploads\/2022\/07\/Dpto-Brezza-1024x767.jpg 1024w, https:\/\/crasilvanajuncos.com\/wp-content\/uploads\/2022\/07\/Dpto-Brezza-768x576.jpg 768w, https:\/\/crasilvanajuncos.com\/wp-content\/uploads\/2022\/07\/Dpto-Brezza-1536x1151.jpg 1536w, https:\/\/crasilvanajuncos.com\/wp-content\/uploads\/2022\/07\/Dpto-Brezza-2048x1535.jpg 2048w, https:\/\/crasilvanajuncos.com\/wp-content\/uploads\/2022\/07\/Dpto-Brezza-584x438.jpg 584w, https:\/\/crasilvanajuncos.com\/wp-content\/uploads\/2022\/07\/Dpto-Brezza-801x600.jpg 801w, https:\/\/crasilvanajuncos.com\/wp-content\/uploads\/2022\/07\/Dpto-Brezza-120x90.jpg 120w, https:\/\/crasilvanajuncos.com\/wp-content\/uploads\/2022\/07\/Dpto-Brezza-496x372.jpg 496w\" sizes=\"(max-width: 592px) 100vw, 592px\" \/>\t\t<\/a><!-- hover-effect -->\n\t<\/div>\n<\/div>\n\t\t\t\t<div class=\"preview_loader\"><\/div>\n\t\t\t<\/div><!-- item-header -->\t\n\t\t\t<div class=\"item-body flex-grow-1\">\n\t\t\t\t<div class=\"labels-wrap labels-right\"> \n\n\t<a href=\"https:\/\/crasilvanajuncos.com\/index.php\/status\/venta\/\" class=\"label-status label status-color-92\">\n\t\t\t\t\tEn Venta\n\t\t\t\t<\/a>       \n\n<\/div>\n\t\t\t\t<h2 class=\"item-title\">\n\t<a href=\"https:\/\/crasilvanajuncos.com\/index.php\/property\/9-de-julio-2490\/\">9 de julio 2490<\/a>\n<\/h2><!-- item-title -->\t\t\t\t<ul class=\"item-price-wrap hide-on-list\">\n\t<li class=\"item-price item-price-text\">Consultar<\/li><\/ul>\t\t\t\t<address class=\"item-address\">9 De Julio 2488, San Francisco, Cordoba<\/address>\t\t\t\t<ul class=\"item-amenities item-amenities-with-icons\">\n\t<li class=\"h-beds\"><i class=\"houzez-icon icon-hotel-double-bed-1 mr-1\"><\/i><span class=\"item-amenities-text\">Cama:<\/span> <span class=\"hz-figure\">1<\/span><\/li><li class=\"h-baths\"><i class=\"houzez-icon icon-bathroom-shower-1 mr-1\"><\/i><span class=\"item-amenities-text\">Ba\u00f1era:<\/span> <span class=\"hz-figure\">1<\/span><\/li><li class=\"h-area\"><i class=\"houzez-icon icon-ruler-triangle mr-1\"><\/i><span class=\"hz-figure\">70<\/span> <span class=\"area_postfix\">mts2<\/span><\/li><li class=\"h-type\"><span>Departamentos<\/span><\/li><\/ul>\t\t\t\t<a class=\"btn btn-primary btn-item \" href=\"https:\/\/crasilvanajuncos.com\/index.php\/property\/9-de-julio-2490\/\">\n\tDetalles<\/a><!-- btn-item -->\n\t\t\t\t<div class=\"item-author\">\n\t<i class=\"houzez-icon icon-single-neutral mr-1\"><\/i>\n\t<a href=\"https:\/\/crasilvanajuncos.com\/index.php\/author\/victoriacortez\/\">Victoria Cortez<\/a> <\/div><!-- item-author -->\n\t\t\t\t<div class=\"item-date\">\n\t<i class=\"houzez-icon icon-attachment mr-1\"><\/i>\n\thace 6 a\u00f1os<\/div><!-- item-date -->\n\t\t\t<\/div><!-- item-body -->\n\n\t\t\t\t\t\t<div class=\"item-footer clearfix\">\n\t\t\t\t<div class=\"item-author\">\n\t<i class=\"houzez-icon icon-single-neutral mr-1\"><\/i>\n\t<a href=\"https:\/\/crasilvanajuncos.com\/index.php\/author\/victoriacortez\/\">Victoria Cortez<\/a> <\/div><!-- item-author -->\n\t\t\t\t<div class=\"item-date\">\n\t<i class=\"houzez-icon icon-attachment mr-1\"><\/i>\n\thace 6 a\u00f1os<\/div><!-- item-date -->\n\t\t\t<\/div>\n\t\t\t\t\t<\/div><!-- d-flex -->\n\t<\/div><!-- item-wrap -->\n<\/div><!-- item-listing-wrap -->            <\/div><!-- listing-view -->\n        <\/div><!-- property-by-is-module -->\n\n        \t\t<\/div>\n\t\t\t\t<\/div>\n\t\t\t\t\t<\/div>\n\t\t<\/div>\n\t\t\t\t\t\t\t<\/div>\n\t\t<\/section>\n\t\t\t\t\t\t\t<\/div>\n\t\t","protected":false},"excerpt":{"rendered":"<p>Property by IDs For Rent $1,900&#47;mo Ample apartment 3617 Clarington Ave, Los Angeles, CA 90034, USA Beds: 2Bath: 1Sq Ft: 2300 Apartment Details All American Real Estate 3 years ago For Rent $1,900&#47;mo Comfortable Villa in Green 2955 S Robertson Blvd, Los Angeles, CA 90034, USA Beds: 3Bath: 1Sq Ft: 2180 Multi Family Home Details [&hellip;]<\/p>\n","protected":false},"author":1,"featured_media":0,"parent":0,"menu_order":0,"comment_status":"closed","ping_status":"closed","template":"elementor_header_footer","meta":{"om_disable_all_campaigns":false,"_monsterinsights_skip_tracking":false,"_monsterinsights_sitenote_active":false,"_monsterinsights_sitenote_note":"","_monsterinsights_sitenote_category":0},"aioseo_notices":[],"_links":{"self":[{"href":"https:\/\/crasilvanajuncos.com\/index.php\/wp-json\/wp\/v2\/pages\/584"}],"collection":[{"href":"https:\/\/crasilvanajuncos.com\/index.php\/wp-json\/wp\/v2\/pages"}],"about":[{"href":"https:\/\/crasilvanajuncos.com\/index.php\/wp-json\/wp\/v2\/types\/page"}],"author":[{"embeddable":true,"href":"https:\/\/crasilvanajuncos.com\/index.php\/wp-json\/wp\/v2\/users\/1"}],"replies":[{"embeddable":true,"href":"https:\/\/crasilvanajuncos.com\/index.php\/wp-json\/wp\/v2\/comments?post=584"}],"version-history":[{"count":0,"href":"https:\/\/crasilvanajuncos.com\/index.php\/wp-json\/wp\/v2\/pages\/584\/revisions"}],"wp:attachment":[{"href":"https:\/\/crasilvanajuncos.com\/index.php\/wp-json\/wp\/v2\/media?parent=584"}],"curies":[{"name":"wp","href":"https:\/\/api.w.org\/{rel}","templated":true}]}}