{"id":17243,"date":"2022-09-14T08:31:27","date_gmt":"2022-09-14T11:31:27","guid":{"rendered":"https:\/\/crasilvanajuncos.com\/index.php\/property\/marcelo-t-de-alvear\/"},"modified":"2022-11-16T08:49:51","modified_gmt":"2022-11-16T11:49:51","slug":"marcelo-t-de-alvear","status":"publish","type":"property","link":"https:\/\/crasilvanajuncos.com\/index.php\/property\/marcelo-t-de-alvear\/","title":{"rendered":"Marcelo T. de Alvear 233"},"content":{"rendered":"","protected":false},"excerpt":{"rendered":"","protected":false},"author":2,"featured_media":17242,"parent":0,"menu_order":0,"template":"","property_type":[78],"property_status":[170],"property_feature":[152],"property_label":[],"property_country":[127],"property_state":[166],"property_city":[100],"property_area":[],"aioseo_notices":[],"property_meta":{"fave_property_price":["$60.000"],"fave_property_price_postfix":[""],"fave_property_price_prefix":[""],"fave_property_sec_price":[""],"fave_property_size":["1"],"fave_property_size_prefix":["sqft"],"fave_property_land":[""],"fave_property_land_postfix":["sqft"],"fave_property_bedrooms":["2"],"fave_property_bathrooms":["1"],"fave_property_garage":[""],"fave_property_garage_size":[""],"fave_virtual_tour":[""],"fave_property_year":[""],"fave_property_id":[""],"fave_video_url":[""],"fave_property_zip":["X5020"],"additional_features":[""],"floor_plans":[""],"fave_multi_units":[""],"fave_featured":["1"],"fave_loggedintoview":["0"],"fave_mortgage_cal":["0"],"fave_private_note":[""],"fave_property_disclaimer":[""],"fave_energy_class":[""],"fave_energy_global_index":[""],"fave_renewable_energy_global_index":[""],"fave_energy_performance":[""],"fave_epc_current_rating":[""],"fave_epc_potential_rating":[""],"fave_payment_status":["not_paid"],"fave_agent_display_option":["author_info"],"fave_property_map_address":["Avenida Pablo Neruda, Marcelo T. de Alvear, C\u00f3rdoba, Municipio de C\u00f3rdoba, Pedan\u00eda Capital, Departamento Capital, C\u00f3rdoba, X5020, Argentina"],"fave_property_address":["Avenida Pablo Neruda, Marcelo T. de Alvear, C\u00f3rdoba, Municipio de C\u00f3rdoba, Pedan\u00eda Capital, Departamento Capital, C\u00f3rdoba, X5020, Argentina"],"houzez_geolocation_lat":["-31.36768"],"houzez_geolocation_long":["-64.1728077"],"fave_property_location":["-31.36768,-64.1728077"],"fave_property_map":["1"],"fave_property_map_street_view":[""],"houzez_total_property_views":["322"],"houzez_views_by_date":["a:61:{s:10:\"09-14-2025\";i:1;s:10:\"09-16-2025\";i:1;s:10:\"09-20-2025\";i:1;s:10:\"09-23-2025\";i:2;s:10:\"09-25-2025\";i:2;s:10:\"10-01-2025\";i:1;s:10:\"10-05-2025\";i:1;s:10:\"10-08-2025\";i:2;s:10:\"10-13-2025\";i:1;s:10:\"10-15-2025\";i:1;s:10:\"10-16-2025\";i:1;s:10:\"10-24-2025\";i:2;s:10:\"10-31-2025\";i:1;s:10:\"11-02-2025\";i:1;s:10:\"11-04-2025\";i:1;s:10:\"11-05-2025\";i:1;s:10:\"11-06-2025\";i:1;s:10:\"11-08-2025\";i:1;s:10:\"11-09-2025\";i:1;s:10:\"11-10-2025\";i:1;s:10:\"11-12-2025\";i:1;s:10:\"11-13-2025\";i:1;s:10:\"11-19-2025\";i:2;s:10:\"11-27-2025\";i:1;s:10:\"12-01-2025\";i:1;s:10:\"12-04-2025\";i:1;s:10:\"12-14-2025\";i:1;s:10:\"12-15-2025\";i:1;s:10:\"12-17-2025\";i:1;s:10:\"12-19-2025\";i:1;s:10:\"12-25-2025\";i:2;s:10:\"01-02-2026\";i:2;s:10:\"01-10-2026\";i:2;s:10:\"01-13-2026\";i:1;s:10:\"01-15-2026\";i:1;s:10:\"01-20-2026\";i:1;s:10:\"01-21-2026\";i:2;s:10:\"01-28-2026\";i:1;s:10:\"01-29-2026\";i:1;s:10:\"02-04-2026\";i:1;s:10:\"02-05-2026\";i:1;s:10:\"02-11-2026\";i:1;s:10:\"02-13-2026\";i:1;s:10:\"02-20-2026\";i:1;s:10:\"02-23-2026\";i:1;s:10:\"03-02-2026\";i:2;s:10:\"03-10-2026\";i:1;s:10:\"03-12-2026\";i:1;s:10:\"03-18-2026\";i:1;s:10:\"03-21-2026\";i:1;s:10:\"03-25-2026\";i:1;s:10:\"03-29-2026\";i:1;s:10:\"04-02-2026\";i:1;s:10:\"04-07-2026\";i:1;s:10:\"04-12-2026\";i:1;s:10:\"04-13-2026\";i:1;s:10:\"04-15-2026\";i:1;s:10:\"04-20-2026\";i:1;s:10:\"04-23-2026\";i:1;s:10:\"04-28-2026\";i:1;s:10:\"04-29-2026\";i:3;}"],"houzez_recently_viewed":["2026-04-29 19:20:19"],"fave_property_images":["17242","17256","17257","17258","17259"],"_thumbnail_id":["17242"]},"_links":{"self":[{"href":"https:\/\/crasilvanajuncos.com\/index.php\/wp-json\/wp\/v2\/properties\/17243"}],"collection":[{"href":"https:\/\/crasilvanajuncos.com\/index.php\/wp-json\/wp\/v2\/properties"}],"about":[{"href":"https:\/\/crasilvanajuncos.com\/index.php\/wp-json\/wp\/v2\/types\/property"}],"author":[{"embeddable":true,"href":"https:\/\/crasilvanajuncos.com\/index.php\/wp-json\/wp\/v2\/users\/2"}],"version-history":[{"count":2,"href":"https:\/\/crasilvanajuncos.com\/index.php\/wp-json\/wp\/v2\/properties\/17243\/revisions"}],"predecessor-version":[{"id":17245,"href":"https:\/\/crasilvanajuncos.com\/index.php\/wp-json\/wp\/v2\/properties\/17243\/revisions\/17245"}],"wp:featuredmedia":[{"embeddable":true,"href":"https:\/\/crasilvanajuncos.com\/index.php\/wp-json\/wp\/v2\/media\/17242"}],"wp:attachment":[{"href":"https:\/\/crasilvanajuncos.com\/index.php\/wp-json\/wp\/v2\/media?parent=17243"}],"wp:term":[{"taxonomy":"property_type","embeddable":true,"href":"https:\/\/crasilvanajuncos.com\/index.php\/wp-json\/wp\/v2\/property_type?post=17243"},{"taxonomy":"property_status","embeddable":true,"href":"https:\/\/crasilvanajuncos.com\/index.php\/wp-json\/wp\/v2\/property_status?post=17243"},{"taxonomy":"property_feature","embeddable":true,"href":"https:\/\/crasilvanajuncos.com\/index.php\/wp-json\/wp\/v2\/property_feature?post=17243"},{"taxonomy":"property_label","embeddable":true,"href":"https:\/\/crasilvanajuncos.com\/index.php\/wp-json\/wp\/v2\/property_label?post=17243"},{"taxonomy":"property_country","embeddable":true,"href":"https:\/\/crasilvanajuncos.com\/index.php\/wp-json\/wp\/v2\/property_country?post=17243"},{"taxonomy":"property_state","embeddable":true,"href":"https:\/\/crasilvanajuncos.com\/index.php\/wp-json\/wp\/v2\/property_state?post=17243"},{"taxonomy":"property_city","embeddable":true,"href":"https:\/\/crasilvanajuncos.com\/index.php\/wp-json\/wp\/v2\/property_city?post=17243"},{"taxonomy":"property_area","embeddable":true,"href":"https:\/\/crasilvanajuncos.com\/index.php\/wp-json\/wp\/v2\/property_area?post=17243"}],"curies":[{"name":"wp","href":"https:\/\/api.w.org\/{rel}","templated":true}]}}

Avenida Pablo Neruda, Marcelo T. de Alvear, Córdoba, Municipio de Córdoba, Pedanía Capital, Departamento Capital, Córdoba, X5020, Argentina
